[INFO] fetching crate duckdb 0.8.0...
[INFO] checking duckdb-0.8.0 against master#9610dfe5a9a731ced1ea4923ecbd0c57fe367898 for beta-170-4
[INFO] extracting crate duckdb 0.8.0 into /workspace/builds/worker-5-tc1/source
[INFO] validating manifest of crates.io crate duckdb 0.8.0 on toolchain 9610dfe5a9a731ced1ea4923ecbd0c57fe367898
[INFO] running `Command { std: CARGO_HOME="/workspace/cargo-home" RUSTUP_HOME="/workspace/rustup-home" "/workspace/cargo-home/bin/cargo" "+9610dfe5a9a731ced1ea4923ecbd0c57fe367898" "metadata" "--manifest-path" "Cargo.toml" "--no-deps", kill_on_drop: false }`
[INFO] started tweaking crates.io crate duckdb 0.8.0
[INFO] removed 1 missing examples
[INFO] finished tweaking crates.io crate duckdb 0.8.0
[INFO] tweaked toml for crates.io crate duckdb 0.8.0 written to /workspace/builds/worker-5-tc1/source/Cargo.toml
[INFO] crate crates.io crate duckdb 0.8.0 already has a lockfile, it will not be regenerated
[INFO] running `Command { std: CARGO_HOME="/workspace/cargo-home" RUSTUP_HOME="/workspace/rustup-home" "/workspace/cargo-home/bin/cargo" "+9610dfe5a9a731ced1ea4923ecbd0c57fe367898" "fetch" "--manifest-path" "Cargo.toml", kill_on_drop: false }`
[INFO] [stderr]     Updating crates.io index
[INFO] [stderr]  Downloading crates ...
[INFO] [stderr]   Downloaded arrow v39.0.0
[INFO] [stderr]   Downloaded arrow-schema v39.0.0
[INFO] [stderr]   Downloaded duckdb-loadable-macros v0.1.0
[INFO] [stderr]   Downloaded arrow-select v39.0.0
[INFO] [stderr]   Downloaded arrow-data v39.0.0
[INFO] [stderr]   Downloaded comfy-table v6.1.4
[INFO] [stderr]   Downloaded arrow-string v39.0.0
[INFO] [stderr]   Downloaded arrow-buffer v39.0.0
[INFO] [stderr]   Downloaded arrow-array v39.0.0
[INFO] [stderr]   Downloaded arrow-arith v39.0.0
[INFO] [stderr]   Downloaded zip v0.6.6
[INFO] [stderr]   Downloaded arrow-cast v39.0.0
[INFO] [stderr]   Downloaded calamine v0.19.1
[INFO] [stderr]   Downloaded prettyplease v0.2.5
[INFO] [stderr]   Downloaded arrow-ord v39.0.0
[INFO] [stderr]   Downloaded arrow-row v39.0.0
[INFO] [stderr]   Downloaded quick-xml v0.25.0
[INFO] [stderr]   Downloaded libduckdb-sys v0.8.0
[INFO] running `Command { std: "docker" "create" "-v" "/var/lib/crater-agent-workspace/builds/worker-5-tc1/target:/opt/rustwide/target:rw,Z" "-v" "/var/lib/crater-agent-workspace/builds/worker-5-tc1/source:/opt/rustwide/workdir:ro,Z" "-v" "/var/lib/crater-agent-workspace/cargo-home:/opt/rustwide/cargo-home:ro,Z" "-v" "/var/lib/crater-agent-workspace/rustup-home:/opt/rustwide/rustup-home:ro,Z" "-e" "SOURCE_DIR=/opt/rustwide/workdir" "-e" "CARGO_TARGET_DIR=/opt/rustwide/target" "-e" "CARGO_HOME=/opt/rustwide/cargo-home" "-e" "RUSTUP_HOME=/opt/rustwide/rustup-home" "-w" "/opt/rustwide/workdir" "-m" "1610612736" "--user" "0:0" "--network" "none" "ghcr.io/rust-lang/crates-build-env/linux@sha256:19e73879b68f455e41552ea35293514db52ea292d993f571636dbffedb77a1ee" "/opt/rustwide/cargo-home/bin/cargo" "+9610dfe5a9a731ced1ea4923ecbd0c57fe367898" "metadata" "--no-deps" "--format-version=1", kill_on_drop: false }`
[INFO] [stdout] fffcdf362730e07c74049b6007f7fc1f3577c7b5fd096b52ce4fbd835512ecde
[INFO] running `Command { std: "docker" "start" "-a" "fffcdf362730e07c74049b6007f7fc1f3577c7b5fd096b52ce4fbd835512ecde", kill_on_drop: false }`
[INFO] running `Command { std: "docker" "inspect" "fffcdf362730e07c74049b6007f7fc1f3577c7b5fd096b52ce4fbd835512ecde", kill_on_drop: false }`
[INFO] running `Command { std: "docker" "rm" "-f" "fffcdf362730e07c74049b6007f7fc1f3577c7b5fd096b52ce4fbd835512ecde", kill_on_drop: false }`
[INFO] [stdout] fffcdf362730e07c74049b6007f7fc1f3577c7b5fd096b52ce4fbd835512ecde
[INFO] running `Command { std: "docker" "create" "-v" "/var/lib/crater-agent-workspace/builds/worker-5-tc1/target:/opt/rustwide/target:rw,Z" "-v" "/var/lib/crater-agent-workspace/builds/worker-5-tc1/source:/opt/rustwide/workdir:ro,Z" "-v" "/var/lib/crater-agent-workspace/cargo-home:/opt/rustwide/cargo-home:ro,Z" "-v" "/var/lib/crater-agent-workspace/rustup-home:/opt/rustwide/rustup-home:ro,Z" "-e" "SOURCE_DIR=/opt/rustwide/workdir" "-e" "CARGO_TARGET_DIR=/opt/rustwide/target" "-e" "CARGO_INCREMENTAL=0" "-e" "RUST_BACKTRACE=full" "-e" "RUSTFLAGS=--cap-lints=forbid" "-e" "RUSTDOCFLAGS=--cap-lints=forbid" "-e" "CARGO_HOME=/opt/rustwide/cargo-home" "-e" "RUSTUP_HOME=/opt/rustwide/rustup-home" "-w" "/opt/rustwide/workdir" "-m" "1610612736" "--user" "0:0" "--network" "none" "ghcr.io/rust-lang/crates-build-env/linux@sha256:19e73879b68f455e41552ea35293514db52ea292d993f571636dbffedb77a1ee" "/opt/rustwide/cargo-home/bin/cargo" "+9610dfe5a9a731ced1ea4923ecbd0c57fe367898" "check" "--frozen" "--all" "--all-targets" "--message-format=json", kill_on_drop: false }`
[INFO] [stdout] 5619165c6f5dcd11a421478a780880e7074d57f838fd01273e00f0b6bedf72d4
[INFO] running `Command { std: "docker" "start" "-a" "5619165c6f5dcd11a421478a780880e7074d57f838fd01273e00f0b6bedf72d4", kill_on_drop: false }`
[INFO] [stderr]    Compiling libm v0.2.7
[INFO] [stderr]    Compiling num-traits v0.2.15
[INFO] [stderr]    Compiling num-integer v0.1.45
[INFO] [stderr]    Compiling proc-macro2 v1.0.58
[INFO] [stderr]    Compiling quote v1.0.27
[INFO] [stderr]    Compiling num-bigint v0.4.3
[INFO] [stderr]    Compiling num-rational v0.4.1
[INFO] [stderr]    Compiling num-iter v0.1.43
[INFO] [stderr]     Checking once_cell v1.17.1
[INFO] [stderr]     Checking bitflags v2.3.1
[INFO] [stderr]     Checking iana-time-zone v0.1.56
[INFO] [stderr]    Compiling ahash v0.8.3
[INFO] [stderr]    Compiling libc v0.2.144
[INFO] [stderr]     Checking lexical-util v0.8.5
[INFO] [stderr]    Compiling syn v1.0.109
[INFO] [stderr]    Compiling serde v1.0.163
[INFO] [stderr]    Compiling crc32fast v1.3.2
[INFO] [stderr]    Compiling serde_json v1.0.96
[INFO] [stderr]    Compiling adler v1.0.2
[INFO] [stderr]     Checking arrow-schema v39.0.0
[INFO] [stderr]    Compiling miniz_oxide v0.7.1
[INFO] [stderr]    Compiling ryu v1.0.13
[INFO] [stderr]    Compiling itoa v1.0.6
[INFO] [stderr]     Checking aho-corasick v1.0.1
[INFO] [stderr]     Checking regex-syntax v0.7.1
[INFO] [stderr]     Checking lexical-parse-integer v0.8.6
[INFO] [stderr]     Checking lexical-write-integer v0.8.5
[INFO] [stderr]     Checking unicode-width v0.1.10
[INFO] [stderr]    Compiling vcpkg v0.2.15
[INFO] [stderr]    Compiling io-lifetimes v1.0.10
[INFO] [stderr]    Compiling rust_decimal v1.29.1
[INFO] [stderr]    Compiling rustix v0.37.19
[INFO] [stderr]     Checking lexical-parse-float v0.8.5
[INFO] [stderr]    Compiling unicase v2.6.0
[INFO] [stderr]     Checking arrayvec v0.7.2
[INFO] [stderr]     Checking hashbrown v0.13.2
[INFO] [stderr]     Checking lexical-write-float v0.8.5
[INFO] [stderr]    Compiling doc-comment v0.3.3
[INFO] [stderr]    Compiling filetime v0.2.21
[INFO] [stderr]    Compiling xattr v0.2.3
[INFO] [stderr]    Compiling flate2 v1.0.26
[INFO] [stderr]    Compiling tar v0.4.38
[INFO] [stderr]     Checking linux-raw-sys v0.3.8
[INFO] [stderr]     Checking lexical-core v0.8.5
[INFO] [stderr]    Compiling syn v2.0.16
[INFO] [stderr]     Checking hashlink v0.8.2
[INFO] [stderr]     Checking rand v0.4.6
[INFO] [stderr]     Checking cast v0.3.0
[INFO] [stderr]     Checking fallible-iterator v0.2.0
[INFO] [stderr]     Checking fallible-streaming-iterator v0.1.9
[INFO] [stderr]     Checking remove_dir_all v0.5.3
[INFO] [stderr]     Checking fastrand v1.9.0
[INFO] [stderr]     Checking rand v0.8.5
[INFO] [stderr]     Checking uuid v1.3.3
[INFO] [stderr]     Checking num-complex v0.4.3
[INFO] [stderr]     Checking half v2.2.1
[INFO] [stderr]     Checking tempdir v0.3.7
[INFO] [stderr]     Checking chrono v0.4.24
[INFO] [stderr]     Checking regex v1.8.1
[INFO] [stderr]     Checking num v0.4.0
[INFO] [stderr]     Checking arrow-buffer v39.0.0
[INFO] [stderr]    Compiling serde_derive v1.0.163
[INFO] [stderr]     Checking tempfile v3.5.0
[INFO] [stderr]     Checking arrow-data v39.0.0
[INFO] [stderr]    Compiling strum_macros v0.24.3
[INFO] [stderr]     Checking arrow-array v39.0.0
[INFO] [stderr]     Checking strum v0.24.1
[INFO] [stderr]     Checking arrow-select v39.0.0
[INFO] [stderr]     Checking comfy-table v6.1.4
[INFO] [stderr]     Checking arrow-arith v39.0.0
[INFO] [stderr]     Checking arrow-row v39.0.0
[INFO] [stderr]     Checking arrow-cast v39.0.0
[INFO] [stderr]     Checking arrow-string v39.0.0
[INFO] [stderr]     Checking arrow-ord v39.0.0
[INFO] [stderr]     Checking arrow v39.0.0
[INFO] [stderr]    Compiling libduckdb-sys v0.8.0
[INFO] [stderr]     Checking duckdb v0.8.0 (/opt/rustwide/workdir)
[INFO] [stdout] error[E0463]: can't find crate for `duckdb_loadable_macros`
[INFO] [stdout]  --> examples/hello-ext/main.rs:2:1
[INFO] [stdout]   |
[INFO] [stdout] 2 | extern crate duckdb_loadable_macros;
[INFO] [stdout]   | ^^^^^^^^^^^^^^^^^^^^^^^^^^^^^^^^^^^^ can't find crate
[INFO] [stdout] 
[INFO] [stdout] 
[INFO] [stdout] error[E0432]: unresolved import `duckdb::vtab`
[INFO] [stdout]  --> examples/hello-ext/main.rs:6:5
[INFO] [stdout]   |
[INFO] [stdout] 6 |     vtab::{BindInfo, DataChunk, Free, FunctionInfo, InitInfo, Inserter, LogicalType, LogicalTypeId, VTab},
[INFO] [stdout]   |     ^^^^ could not find `vtab` in `duckdb`
[INFO] [stdout] 
[INFO] [stdout] 
[INFO] [stdout] error: cannot determine resolution for the attribute macro `duckdb_entrypoint`
[INFO] [stdout]   --> examples/hello-ext/main.rs:89:3
[INFO] [stdout]    |
[INFO] [stdout] 89 | #[duckdb_entrypoint]
[INFO] [stdout]    |   ^^^^^^^^^^^^^^^^^
[INFO] [stdout]    |
[INFO] [stdout]    = note: import resolution is stuck, try simplifying macro imports
[INFO] [stdout] 
[INFO] [stdout] 
[INFO] [stdout] warning: unused import: `libduckdb_sys as ffi`
[INFO] [stdout]   --> examples/hello-ext/main.rs:10:5
[INFO] [stdout]    |
[INFO] [stdout] 10 | use libduckdb_sys as ffi;
[INFO] [stdout]    |     ^^^^^^^^^^^^^^^^^^^^
[INFO] [stdout]    |
[INFO] [stdout]    = note: `#[warn(unused_imports)]` on by default
[INFO] [stdout] 
[INFO] [stdout] 
[INFO] [stdout] warning: unused import: `c_void`
[INFO] [stdout]   --> examples/hello-ext/main.rs:13:19
[INFO] [stdout]    |
[INFO] [stdout] 13 |     ffi::{c_char, c_void, CString},
[INFO] [stdout]    |                   ^^^^^^
[INFO] [stdout] 
[INFO] [stdout] 
[INFO] [stdout] error[E0601]: `main` function not found in crate `hello_ext`
[INFO] [stdout]   --> examples/hello-ext/main.rs:93:2
[INFO] [stdout]    |
[INFO] [stdout] 93 | }
[INFO] [stdout]    |  ^ consider adding a `main` function to `examples/hello-ext/main.rs`
[INFO] [stdout] 
[INFO] [stdout] 
[INFO] [stdout] error: aborting due to 4 previous errors; 2 warnings emitted
[INFO] [stdout] 
[INFO] [stdout] 
[INFO] [stdout] Some errors have detailed explanations: E0432, E0463, E0601.
[INFO] [stdout] 
[INFO] [stdout] For more information about an error, try `rustc --explain E0432`.
[INFO] [stdout] 
[INFO] [stderr] error: could not compile `duckdb` (example "hello-ext") due to 5 previous errors; 2 warnings emitted
[INFO] [stderr] warning: build failed, waiting for other jobs to finish...
[INFO] running `Command { std: "docker" "inspect" "5619165c6f5dcd11a421478a780880e7074d57f838fd01273e00f0b6bedf72d4", kill_on_drop: false }`
[INFO] running `Command { std: "docker" "rm" "-f" "5619165c6f5dcd11a421478a780880e7074d57f838fd01273e00f0b6bedf72d4", kill_on_drop: false }`
[INFO] [stdout] 5619165c6f5dcd11a421478a780880e7074d57f838fd01273e00f0b6bedf72d4
